 is u(7)?
-17
Let h(b) = -11*b**3 - 49*b**2 - 2*b + 61. Let t(v) = -5*v**3 - 25*v**2 - v + 27. Let a(x) = -2*h(x) + 5*t(x). Calculate a(-9).
22
Let g(u) = 22*u**2 + 379*u - 363. Let v(h) = -15*h**2 - 252*h + 243. Let l(c) = -5*g(c) - 7*v(c). Determine l(-27).
6
Let m(t) = -2 - 2 + 15*t**2 + 0*t**3 - 4*t**2 + t**3 + 5 - t. Suppose 137*r - 133*r + 44 = 0. What is m(r)?
12
Let b(l) = -3*l**3 + 47*l**2 - 10*l - 14. Let r(j) = j**3 - 17*j**2 + 4*j + 5. Let g(y) = 6*b(y) + 17*r(y). Determine g(-8).
1
Let m be (-2)/(-3)*(418/28 - 3/(-42)). Let d(o) = -4*o + 34. What is d(m)?
-6
Let y(q) = 4*q + 2*q**2 - q**2 + 3*q - 6. Let g = -43498 - -43491. Give y(g).
-6
Let j(m) = -m**3 + m**2 - 5. Let h be -5*(264/(-30))/(-1). Let u = -44 - h. Give j(u).
-5
Let l(f) = 2 + 0 + 12 + 7 - 3*f**2 + 50*f - 46. What is l(16)?
7
Let t(r) = -r**2 + 3*r + 2. Let c = -257 + -1. Let b = 258 + c. Calculate t(b).
2
Let a(n) be the second derivative of -7*n**4/4 + n**2/2 + 1572*n. Determine a(1).
-20
Let y(z) = -z**2 - 8*z + 37. Let c be y(-12). Let m(t) = t**2 + 13*t + 28. Let f be m(c). Let p(j) = -j**2 + j - 8. Calculate p(f).
-38
Let n(l) = -2284 + 4551 - 16*l - 2*l**2 - 2282. Calculate n(-5).
15
Let k be (-4)/(5/(-30)*-3). Let g(v) be the second derivative of v**3/6 + 5*v**2 + 288*v. Determine g(k).
2
Let g(v) = 36*v**2 + 101. Let h(t) = 158*t**2 + 455. Let m(x) = -22*g(x) + 5*h(x). Calculate m(5).
3
Let i(o) = -88*o**2 + 89*o**2 - 158 - 39*o**3 + 157. Determine i(-1).
39
Let k(c) be the first derivative of 1/60*c**5 - 10/3*c**3 + 0*c**2 + 2 + 0*c - 7/24*c**4. Let p(j) be the third derivative of k(j). What is p(5)?
3
Suppose -3*v - 1 = 2. Let q(w) = 18*w**2 - 8*w + 1. Let r(k) = 58*k**2 - 27*k + 3. Let t(c) = -10*q(c) + 3*r(c). Give t(v).
-6
Let p(b) = -12*b**2 + 311*b - 554. Let q be p(24). Let i(s) be the first derivative of -s**3 + s**2/2 + 2. Determine i(q).
-14
Let q(a) be the first derivative of -3*a**3 - 2*a**2 - 3*a - 4700. Give q(-3).
-72
Let d(x) = 2*x - 17*x**2 - 7*x**2 + 51 + 183337*x**3 - 183338*x**3. Determine d(-24).
3
Let q(m) = 62 - 17 - 30 - 3*m. Suppose 51*b - 59*b + 56 = 0. Give q(b).
-6
Let r(y) be the second derivative of -y**4/12 - 19*y**3/6 - y**2/2 - 6342*y. What is r(-18)?
17
Suppose 3*f + 13 = -4*k, -7 = -3*f - 0*k + k. Let z = -3 - f. Let q(j) be the first derivative of -5*j**2/2 - 3*j - 138002. Determine q(z).
17
Suppose 0 = -3*h - 5*q + 31, 4*q + 26 = 3*h + 8*q. Suppose 2*k + h = 0, k + 3*k = -3*j + 14. Suppose -2 = 8*y - j*y. Let a(u) = 2*u + 1. Calculate a(y).
-1
Let o be (-8)/5*(-60)/24. Let s = -301 - -303. Let i(b) = -o*b**2 - 30*b - b**2 - 2 + 31*b + 6*b**s. Determine i(0).
-2
Let n be (-2)/(-4)*-1*-2. Let z = n + -8. Let f(v) = 107*v**2 + 6*v + 12. Let g(b) = -39*b**2 - 3*b - 5. Let q(l) = 4*f(l) + 11*g(l). Give q(z).
7
Let o(h) be the second derivative of 3*h**5/20 + h**4/4 - h**2 + 8049*h. Let n(u) = u**3 - 4*u**2 - 2. Let l be n(4). Give o(l).
-14
Let d(p) = 3*p - 1. Let m be 6/((-72)/60)*(-2)/5. Let j(q) = q - 1. Suppose 1 = 4*s - s - 2*u, u + 2 = 0. Let v(f) = m*j(f) + s*d(f). Give v(6).
-7
Let n(g) = -g**2 + 11*g - 1. Let s = 4093 - 4073. Let p be (-178)/(-9) + (-2)/(-9). Suppose 18*i - s*i + p = 0. Calculate n(i).
9
Let u(t) be the first derivative of -t**3/3 - 4*t**2 + 6*t + 23. Let c be (5 + -3)/(26/(-65)) + -4. Give u(c).
-3
Let w(k) be the third derivative of 22*k - k**2 - 1/20*k**6 + 1/6*k**3 - 1/8*k**4 + 1/20*k**5 + 0. Give w(1).
-5
Let u(z) = z**2 + 8*z + 10. Let p be ((-5)/4)/5 - (-126)/24. Suppose p*r = k - 50, -2*r + 8 - 6 = 4*k. Calculate u(r).
19
Let n = -24 + 12. Let g(i) = -13*i**2 - 10 + 1 + 160*i**3 - 161*i**3 - 11*i. What is g(n)?
-21
Let y(k) = k**2 + 19*k + 32. Suppose 4*g + 134*m + 76 = 140*m, 5*g + 77 = 3*m. Calculate y(g).
-46
Let l(c) = 4*c - 3. Let p = -192 - -199. Suppose 3*f + i + 1 = 4*f, 2*f + 3*i = p. Determine l(f).
5
Let w(o) = -o**2 - o + 13. Let g be w(-6). Let r = g - -25. Let n(q) be the third derivative of q**4/24 + 316*q**2. Calculate n(r).
8
Let q(o) = o + 6. Let r be q(2). Suppose 8*w = 4*w + r. Let s(i) = -w*i**2 + i**2 - 4 + 3 + i. Determine s(3).
-7
Let m(l) = 2*l + 5. Let k(y) = 4 - 3 + 1 + 5. Let w(a) = -3*k(a) + 4*m(a). Determine w(3).
23
Let y(t) = 16*t**2 + 76*t - 60. Let f(g) = -13*g**2 - 61*g + 59. Let u(z) = 5*f(z) + 4*y(z). What is u(7)?
-1
Suppose 3*w = -3*f - 9, 3 = -5*w + 2*f - 3*f. Let j(h) be the first derivative of h**3/3 - 10*h - 143. Give j(w).
-10
Let a(c) be the second derivative of -c**7/2520 + 7*c**6/720 - c**5/10 + 71*c**4/4 - 147*c + 2. Let w(p) be the third derivative of a(p). Determine w(4).
0
Let h(d) = 7*d + 17 + d**2 - 4 - 3*d - 3 + 3*d. Calculate h(-5).
0
Let t be ((-10)/30 - 0)/(2/6). Let b(i) = -11*i + 4. Let o(k) = -9*k + 3. Let x(n) = -4*b(n) + 5*o(n). Determine x(t).
0
Let m = 25 + -23. Suppose -m*t - 16 = -5*w, 5*t + 0 = 4*w - 6. Let c(g) = -18*g**2 - g + 10*g**t - 4*g**2 - 1. Give c(-1).
-12
Let h = -487 + 489. Let x(w) = -2*w + w - 5*w**2 - 5*w + 5*w - h + 1. Calculate x(-1).
-5
Let b(q) = -5 - 30 - 71 + 191 + 2*q + 2*q. Give b(-20).
5
Suppose 22*f = 20*f + 180. Let l(g) = -75 + 0*g - 46 - 7*g + f. Determine l(-5).
4
Let q(c) be the first derivative of -3*c**2 + 99*c - 5141. What is q(11)?
33
Let x(f) = f**2 - 9*f + 1. Let n(w) = -w**2 + 8*w - 2. Let s(k) = 3*n(k) + 2*x(k). Suppose 9*r - 6*r + 4*d + 4 = 0, r - 2*d - 12 = 0. Calculate s(r).
4
Let k(t) = -3*t**3 + 6*t**2 + 2*t. Suppose -5243*s = -5298*s + 165. What is k(s)?
-21
Suppose 66 = -3*l - 49*l - 14*l. Let w(k) = -6*k - 9. Calculate w(l).
-3
Let m(i) = i**2 + 67*i - 337. Let z be m(5). Let q(c) = -10*c + 2. Let s be q(2). Let h = z + s. Let k(d) = d**2 - 5*d - 6. Calculate k(h).
-6
Suppose 0*m - 1 = -m, -m + 11 = -5*x. Let a(w) = -5*w - 6. Let b be a(x). Let q(k) = k**3 - 4*k**2 - 3*k - 6. Determine q(b).
-18
Let n(u) be the third derivative of u**6/24 + u**5/20 - 3*u**4/8 + 7*u**3/6 - 3*u**2 + 52*u - 2. Calculate n(1).
6
Let x(o) be the second derivative of -o**4/12 - 13*o**3/6 + 20*o**2 + 6*o - 230. Calculate x(3).
-8
Suppose -3*x + 3*a = 15, 5*a - 164 = 4*x - 142. Let f(s) = -s**3 - 3*s**2 - 15*s - 44. Calculate f(x).
1
Let h(j) be the third derivative of -j**6/120 + 3*j**5/20 - 11*j**4/24 + j**3/3 - 2*j**2 - 195. Determine h(5).
47
Let l(k) be the third derivative of -k**6/120 + k**5/30 + k**4/4 - k**3/2 + 3*k**2 - 230*k. Determine l(4).
-11
Let n be (-27)/54 + (-122)/(-4). Let g = n + -5. Let q(h) = -9*h + g*h - 17*h - 7. What is q(-6)?
-1
Let m(v) = -20 + 5*v + 61 + 45 + 6*v - 5*v. Calculate m(-12).
14
Let t(h) = -90*h**2 - 3*h + 1. Let m be t(1). Let n = -89 - m. Let l be (-7)/(-2) - n - (-12)/8. Let b(j) = -j**3 + 4*j**2 - 4*j + 3. Calculate b(l).
3
Let k(d) = 5*d + 194. Suppose -4*b + 5*v - 117 = 0, -136*b + 4*v + 218 = -141*b. Give k(b).
4
Suppose -137*f + 80*f = -71*f - 56. Let c(q) = -3*q**2 + 3. Give c(f).
-45
Let q(c) = c**3 + 4*c**2 + 3*c - 1. Let a = -16 - 35. Let z = 67 - 115. Let x = a - z. Give q(x).
-1
Let t(v) = -v**3 + 51*v**2 - 20*v + 7. Let p(g) = -20*g**2 + 10*g - 3. Let u(b) = 5*p(b) + 2*t(b). Give u(4).
-57
Let j = -23754 + 23749. Let v(q) = -q**3 - 11*q**2 - 31*q - 21. Determine v(j).
-16
Let d be -2 - ((-12)/15 + 24/30). Let f(t) = -5*t - 14. Let w(z) = -8*z - 13. Let g(i) = d*w(i) + 3*f(i). Calculate g(11).
-5
Suppose 24*g + 2*o + 50 = 29*g, o = -5*g + 35. Let z(t) = t**2 - 7*t + 1. Let i(q) = 4*q**2 - 27*q + 4. Let u(n) = -2*i(n) + 9*z(n). What is u(g)?
-7
Suppose h - 275 = -5*x - 0*h, 2*x = -h + 113. Suppose -78 + x = 12*l. Let f(m) = m**2 + m. Calculate f(l).
2
Let f(h) = -5*h**2 - 5*h + 10. Let m be -5 - (2/(-2) - -1). Let p be f(m). Let y = -94 - p. Let z(d) = -d - 4. Calculate z(y).
0
Let m(x) = -10*x - 9. Let n be (92/69)/((-42)/9)*-42. What is m(n)?
-129
Suppose 3*u - 6 = -k, -2*u + k + 1 = -8. Suppose -6 = 6*p - u*p. Let q(m) be the second derivative of -5*m**3/3 + m**2 + 178*m - 14. Give q(p).
22
Suppose -5*d - 4*j + 60 = 0, -9 = -3*d + 2*j + j. Let u(f) = 3*f**2 - 213*f + 22. Let s(r) = -r**2 + 77*r - 9. Let c(o) = 11*s(o) + 4*u(o). Calculate c(d).
13
Suppose -2*n - 577 + 576 = -3*k, 4*k + 5*n + 37 = 0. Let i(a) be the first derivative of a**4/4 + 4*a**3/3 + 2*a**2 - 2. What is i(k)?
-3
Let d(g) = 4 - 10809*g - g**2 - 10814*g + 21618*g. Determine d(-